s the thousands digit of 8332577?
2
What is the units digit of 4039236?
6
What is the ten thousands digit of 23803302?
0
What is the millions digit of 2471356?
2
What is the millions digit of 8554822?
8
What is the hundred thousands digit of 15773768?
7
What is the ten millions digit of 13785378?
1
What is the ten thousands digit of 84516?
8
What is the ten thousands digit of 639027?
3
What is the thousands digit of 12268199?
8
What is the tens digit of 275251?
5
What is the millions digit of 2340398?
2
What is the hundred thousands digit of 219528?
2
What is the hundreds digit of 9210533?
5
What is the hundreds digit of 283160?
1
What is the millions digit of 8396013?
8
What is the ten thousands digit of 58973?
5
What is the units digit of 45408?
8
What is the units digit of 2012027?
7
What is the hundred thousands digit of 841515?
8
What is the units digit of 2051975?
5
What is the ten thousands digit of 1737768?
3
What is the hundred thousands digit of 1898009?
8
What is the tens digit of 33403571?
7
What is the hundred thousands digit of 599244?
5
What is the units digit of 219862?
2
What is the hundreds digit of 27558?
5
What is the ten thousands digit of 188147?
8
What is the thousands digit of 262127?
2
What is the units digit of 2374198?
8
What is the hundreds digit of 685403?
4
What is the hundreds digit of 1899278?
2
What is the hundreds digit of 2149189?
1
What is the hundred thousands digit of 27810174?
8
What is the units digit of 116837?
7
What is the hundred thousands digit of 2718963?
7
What is the ten thousands digit of 1371619?
7
What is the ten thousands digit of 102820?
0
What is the thousands digit of 256013?
6
What is the hundred thousands digit of 505173?
5
What is the ten thousands digit of 10474925?
7
What is the hundred thousands digit of 7616835?
6
What is the millions digit of 11071023?
1
What is the units digit of 21556732?
2
What is the units digit of 23279805?
5
What is the hundreds digit of 14480679?
6
What is the units digit of 257462?
2
What is the units digit of 10222319?
9
What is the hundreds digit of 10548208?
2
What is the tens digit of 1033348?
4
What is the tens digit of 366713?
1
What is the tens digit of 141463?
6
What is the thousands digit of 628259?
8
What is the hundreds digit of 293822?
8
What is the thousands digit of 9087665?
7
What is the hundreds digit of 15483703?
7
What is the hundred thousands digit of 102539?
1
What is the hundreds digit of 4101492?
4
What is the hundred thousands digit of 168810?
1
What is the units digit of 929582?
2
What is the millions digit of 15357619?
5
What is the millions digit of 3674725?
3
What is the millions digit of 4869470?
4
What is the hundred thousands digit of 9588623?
5
What is the thousands digit of 3366294?
6
What is the units digit of 11009888?
8
What is the hundreds digit of 9485005?
0
What is the ten thousands digit of 1310991?
1
What is the tens digit of 27433?
3
What is the millions digit of 2884604?
2
What is the units digit of 19029922?
2
What is the hundreds digit of 8560?
5
What is the units digit of 1333176?
6
What is the hundred thousands digit of 216429?
2
What is the millions digit of 2405880?
2
What is the hundreds digit of 2580983?
9
What is the thousands digit of 909402?
9
What is the units digit of 3981515?
5
What is the hundreds digit of 767696?
6
What is the tens digit of 6787126?
2
What is the millions digit of 2403734?
2
What is the hundred thousands digit of 340710?
3
What is the thousands digit of 2819615?
9
What is the hundreds digit of 202167?
1
What is the hundred thousands digit of 5942183?
9
What is the ten thousands digit of 137172?
3
What is the units digit of 1004341?
1
What is the ten thousands digit of 221799?
2
What is the millions digit of 3862509?
3
What is the hundreds digit of 321433?
4
What is the ten thousands digit of 30214?
3
What is the units digit of 6078884?
4
What is the hundred thousands digit of 225218?
2
What is the tens digit of 447315?
1
What is the hundreds digit of 631235?
2
What is the hundreds digit of 6905035?
0
What is the units digit of 245311?
1
What is the ten thousands digit of 2355692?
5
What is the units digit of 63198?
8
What is the tens digit of 10056585?
8
What is the units digit of 175124?
4
What is the hundreds digit of 243619?
6
What is the hundreds digit of 9366248?
2
What is the hundreds digit of 3706104?
1
What is the ten thousands digit of 2519849?
1
What is the units digit of 342072?
2
What is the units digit of 28712?
2
What is the tens digit of 21690102?
0
What is the tens digit of 1806113?
1
What is the thousands digit of 2356377?
6
What is the thousands digit of 3348586?
8
What is the units digit of 86964?
4
What is the ten thousands digit of 120592?
2
What is the tens digit of 378687?
8
What is the ten millions digit of 11165577?
1
What is the ten millions digit of 21925403?
2
What is the hundred thousands digit of 6141436?
1
What is the tens digit of 7279793?
9
What is the tens digit of 27588564?
6
What is the ten thousands digit of 20268764?
6
What is the units digit of 18062552?
2
What is the thousands digit of 5426086?
6
What is the tens digit of 286496?
9
What is the hundred thousands digit of 16845978?
8
What is the thousands digit of 391401?
1
What is the ten thousands digit of 6395521?
9
What is the units digit of 6432545?
5
What is the ten thousands digit of 273132?
7
What is the hundred thousands digit of 187082?
1
What is the millions digit of 1123208?
1
What is the ten millions digit of 10156707?
1
What is the units digit of 62261?
1
What is the units digit of 544137?
7
What is the ten millions digit of 12639771?
1
What is the hundreds digit of 294553?
5
What is the hundred thousands digit of 985012?
9
What is the tens digit of 2308100?
0
What is the hundred thousands digit of 5222051?
2
What is the units digit of 70978?
8
What is the millions digit of 5971880?
5
What is the ten thousands digit of 433607?
3
What is the hundreds digit of 28852881?
8
What is the hundreds digit of 385679?
6
What is the tens digit of 295905?
0
What is the thousands digit of 4450639?
0
What is the units digit of 1922173?
3
What is the ten thousands digit of 685740?
8
What is the ten thousands digit of 1608197?
0
What is the millions digit of 1032701?
1
What is the hundreds digit of 63457?
4
What is the units digit of 87503?
3
What is the units digit of 26611467?
7
What is the hundred thousands digit of 2784369?
7
What is the hundreds digit of 40941?
9
What is the ten thousands digit of 382303?
8
What is the units digit of 49384?
4
What is the tens digit of 672567?
6
What is the hundreds digit of 1399765?
7
What is the millions digit of 4517720?
4
What is the hundred thousands digit of 204841?
2
What is the hundreds digit of 821831?
8
What is the ten thousands digit of 172247?
7
What is the thousands digit of 3367949?
7
What is the tens digit of 68613?
1
What is the hundreds digit of 1011538?
5
What is the tens digit of 7647149?
4
What is the hundred thousands digit of 403207?
4
What is the thousands digit of 1925036?
5
What is the ten thousands digit of 2304731?
0
What is the millions digit of 2558931?
2
What is the thousands digit of 3260?
3
What is the ten thousands digit of 711501?
1
What is the tens digit of 2779581?
8
What is the ten thousands digit of 243392?
4
What is the hundreds digit of 19832901?
9
What is the thousands digit of 3812440?
2
What is the hundreds digit of 416329?
3
What is the ten thousands digit of 129715?
2
What is the tens digit of 2762037?
3
What is the tens digit of 3033272?
7
What is the hundreds digit of 205340?
3
What is the millions digit of 2257555?
2
What is the tens digit of 632166?
6
What is the units digit of 228790?
0
What is the units digit of 1539876?
6
What is the ten thousands digit of 32922?
3
What is the hundreds digit of 716198?
1
What is the hundreds digit of 94663?
6
What is the thousands digit of 318361?
8
What is the tens digit of 128647?
4
What is the hundred thousands digit of 3777487?
7
What is the hundred thousands digit of 372766?
3
What is the hundred thousands digit of 1783181?
7
What is the thousands digit of 29414?
9
What is the tens digit of 366993?
9
What is the hundred thousands digit of 1847484?
8
What is the hundre